 h be (5/(-15))/((-1)/(-201)) - -4. Let o = t - h. What are the prime factors of o?
59
What are the prime factors of (-30 - -119)/(1 + (-54)/57)?
19, 89
Suppose 5*x = 5*k - 4*k + 140, 2*x = 3*k + 381. Let y = -87 - k. List the prime factors of y.
2, 19
Let b be (-41)/(-2)*40/2. Let d = -227 + b. List the prime factors of d.
3, 61
Suppose -4*v - w - 4 = 0, -4*v + 3*w - 20 = -0*w. Let z = -11 - -2. List the prime factors of (z/v)/((-45)/(-300)).
2, 3, 5
Let i(o) = -o**3 - 4*o**2 + 4*o + 3. Let v = -27 + 19. List the prime factors of i(v).
227
Let s(c) = -2*c**2 + 10*c - 3. Let k be s(4). Suppose -3*w + k*x = x - 17, 4*w + x - 10 = 0. Suppose w*m - 124 = -m. List the prime factors of m.
31
Suppose -2*x + x - 12 = 0. Let o(d) = -d**2 - 11*d + 6. Let j be o(x). Let f = j + 39. What are the prime factors of f?
3, 11
Let z be (0 + -3)*(280/(-15))/(-4). List the prime factors of z/133 - 13076/(-38).
2, 43
Let h(r) = -9*r**3 + 6*r**2 - 16*r - 65. List the prime factors of h(-7).
2, 857
Suppose 10*m - 14*m + 1180 = 0. What are the prime factors of 3/6 + m/2?
2, 37
Let k = 411 - -54. Suppose k = 6*u - u. List the prime factors of u.
3, 31
Suppose 28*a = 10*a + 54. Let j(h) = 36*h**3 - h**2 + h - 2. Let d be j(2). Suppose -k = a*o - 67, 0 = 5*k - 2*o - 51 - d. List the prime factors of k.
67
Let w(y) = 5*y - 3. Let q(z) = 2*z - 2. Let v(p) = 7*q(p) - 3*w(p). Let u be v(-9). Let r(f) = -f**2 + 8*f + 1. List the prime factors of r(u).
17
Let r(o) = o**3 + o**2. Let b(y) = 2*y**3 - 10*y**2 - 4*y + 16. Let n(j) = b(j) - r(j). Let p be n(11). Let d = -12 - p. What are the prime factors of d?
2
Let c(r) = -7*r**3 - 7*r**2 + 4*r. Let j be c(-4). Suppose -6*s + 2*s = -j. What are the prime factors of s?
2, 5
Let n(u) = 3*u**2 + 31*u - 80. What are the prime factors of n(-35)?
2, 5, 251
Suppose -3 = -5*y + 17. Suppose y*n = -101 - 179. Let j = -49 - n. What are the prime factors of j?
3, 7
Suppose -3*a + 686 = -4*s + 2*s, 0 = s - 3*a + 343. Let n = -230 - s. What are the prime factors of n?
113
Let m = -5464 - -8225. What are the prime factors of m?
11, 251
Let d = 7339 + -2688. What are the prime factors of d?
4651
Let w = -2862 + 4830. List the prime factors of w.
2, 3, 41
Let y(r) = 2*r - 5. Let v be y(4). Let i(w) = w**2 + 8*w - 10. Let k be i(-9). List the prime factors of 27 - k*v/(-1).
2, 3
Suppose 0 = -4*y + 15 + 1. List the prime factors of 39 - (y - (-1 + 5)).
3, 13
Let w(v) = -v**2 + v - 1. Let p(m) = -13*m + 9. Let t(n) = -p(n) - 5*w(n). What are the prime factors of t(-4)?
2, 11
Suppose 13*u = 9*u - 208. List the prime factors of (u/12 - -4)*-135.
3, 5
Let y = 23 + 17. Let a = y + 30. What are the prime factors of a?
2, 5, 7
Let r = -29 - -33. Suppose -589 = -5*t - r*n, -t + 4*n = 8*n - 121. List the prime factors of t.
3, 13
Let h = 60 + -170. Let c = h - -214. List the prime factors of c.
2, 13
Let i = -22 + 29. Let l = i - 18. Let u = l - -16. What are the prime factors of u?
5
Suppose -2*o + 21 = -33. Suppose 5*d - 87 = -h - o, 10 = 2*h. List the prime factors of d.
11
Let x = -235 + 588. What are the prime factors of x?
353
Let f = 25 + -65. Let x be -1 - -30*f/(-12). Suppose 0*r - x = -3*r. List the prime factors of r.
3, 11
Let u = 321 - 187. Let f = 18 + u. What are the prime factors of f?
2, 19
Suppose z + 305 = 3*n - 352, -657 = -3*n + 5*z. What are the prime factors of (n*4/(-6))/(2*-1)?
73
Let x(l) be the second derivative of 3*l**5/20 - l**4/4 + l**3/3 - 3*l**2/2 + 2*l. Suppose 3*w = -0*t + 2*t + 8, -t - 1 = 0. What are the prime factors of x(w)?
13
Suppose 0 = -18*v + 10*v + 2552. What are the prime factors of v?
11, 29
Let c be (-1)/(-4 + 10/2). Let h = 1 - c. Let f = 25 + h. List the prime factors of f.
3
Let z = -6 - -8. Let d be z*-3*209/(-22). Suppose d = 3*o + 3. What are the prime factors of o?
2, 3
Let z(y) = 1 + 17*y - 29*y + 18*y. What are the prime factors of z(6)?
37
Let f(j) = -2*j**2 - 4*j - 5. Let b(o) = o**2 + 10*o - 15. Let z be b(-11). Let p be f(z). What are the prime factors of (-54)/7*p/3?
2, 3
Let r be (-3)/(6/(-20))*-17. Let m = 34 + r. List the prime factors of 4/(-6) - m/6.
2, 11
Let f be 3*6/9*3/2. Suppose f*z - 173 - 58 = 0. What are the prime factors of z?
7, 11
Let d be (-42 - -8)*(-1 - 0). Suppose -4*s - 2*x = -56, -x + 30 + d = 5*s. Suppose -s*j = -8*j - 12. What are the prime factors of j?
3
Suppose -5*x - 2*w + 1208 = 0, 0 = -4*w - 0 + 16. Suppose -28*i + 29*i = x. List the prime factors of i.
2, 3, 5
Let u(p) = 4*p**2 + 2*p - 3. Let d be u(1). Suppose -5*w - z + 455 = 0, w + d*z = 176 - 71. List the prime factors of w.
2, 3, 5
Suppose -5*t - 3*h + 40292 = 11788, -5*t = 4*h - 28502. What are the prime factors of t?
2, 2851
Let f be (2 - 3)/(((-10)/(-24))/5). Let m(i) = -2*i + 14. List the prime factors of m(f).
2, 19
Let x(h) = h - 11. Let l be x(17). Suppose 3*m + l = 6*m. Suppose 2 = -m*k, 4*n - 71 = -2*k + 91. List the prime factors of n.
41
Let d be (0 + -2)/1 - -3. Let g be d/2 - 9/(-6). Suppose -i = g*v - 21, 0 = 4*i + 2*v - 153 + 45. List the prime factors of i.
29
Let v(z) = z + 7. Let a be v(-7). Suppose -3*o + 9 = 2*t, 0 = -5*t - 5*o + 8 + 12. Suppose 9 = t*s - a*s. List the prime factors of s.
3
Let y = -5 + -8. Let r(n) = -n**3 + 3*n + 4*n - 11 - 3*n - 13*n**2 - 6*n. What are the prime factors of r(y)?
3, 5
Let l(n) = n**2 - 9*n - 16. Let r be l(11). Suppose 705 = y - r*y. List the prime factors of y/(-4) + (-3)/12.
5, 7
Suppose -10 + 7 = c, -2*b - 4*c + 2478 = 0. What are the prime factors of b?
3, 5, 83
Suppose 5*y + 3*g - 6452 + 1059 = 0, 3*y - 3255 = 3*g. What are the prime factors of y?
23, 47
Let u(f) = 6*f**2 + f - 11. Let r(q) = -q + 1. Let l = 16 + -10. Let a(z) = l*r(z) + u(z). What are the prime factors of a(-3)?
2
Let l(q) be the first derivative of -q**3 - q**2/2 - q + 7. Let h(i) be the first derivative of l(i). List the prime factors of h(-5).
29
Let k(i) = -56*i**2. Let j be k(-1). Let b = j + 122. List the prime factors of b.
2, 3, 11
Let k(q) = q**3 - 14*q**2 + 12*q - 13. Let s be k(13). Let j(a) = 3*a**2 - 7*a - 1. Let r be j(6). Let h = r + s. What are the prime factors of h?
3, 13
Let m = 6 - 4. Suppose -q - 213 = -3*h, -m*q - 173 = 5*h - 528. What are the prime factors of h?
71
Suppose 4*f - 205 = 1587. List the prime factors of f.
2, 7
Let z(d) = d + 0*d**2 + 26*d**2 + 41 + 47 - 85. Let i be z(-2). Suppose -2*j - f = -118, -j + i - 40 = -f. List the prime factors of j.
61
Let a = 2 + 6. Let s(m) = 2*m**2 + 8*m - 2. Let o be s(a). List the prime factors of 8/10*o/4.
2, 19
Suppose 4*p + p - 40 = 0. Let o(t) = -t**2 - 31*t - 33. Let g be o(-30). List the prime factors of (p - g)/(1 + 0).
11
Let b(y) = -23*y - 2. Let u be b(1). Let v = u + 24. What are the prime factors of (-22)/(v/(10/4))?
5, 11
Suppose -h + 0*h = 2*h. Suppose 5*w - 2*c = -0*c + 446, -5*w = 4*c - 458. Suppose -5*u = -0*n - 5*n - w, -u - 3*n + 10 = h. What are the prime factors of u?
2
Let b(d) = d**2 + 6*d - 3. Let s be b(-10). Suppose -f - 39 - s = 0. Let y = -44 - f. List the prime factors of y.
2
Suppose -22*r - 196 = -6906. List the prime factors of r.
5, 61
Let a(m) be the third derivative of -3*m**6/40 - m**5/30 + m**4/24 + m**3/2 - 14*m**2. What are the prime factors of a(-2)?
5, 13
List the prime factors of ((-3)/(6/(-20)))/(6/27).
3, 5
Let d = -101 - 7. Let p = d - -162. List the prime factors of p.
2, 3
Let h be (-48)/18*3/(-2). Let l(c) = c**3 - c**2 + c - 3. List the prime factors of l(h).
7
Suppose -4*l + 3*c = l - 27, 0 = -5*c - 20. Suppose d - 4*u - 127 = 0, 351 = 2*d + d + l*u. What are the prime factors of d?
7, 17
List the prime factors of (-19)/57 + 15616/12 + 2.
1303
Let b = -60 + 75. Let m(a) = -a**3 + 14*a**2 + 17*a + 20. What are the prime factors of m(b)?
2, 5
What are the prime factors of (-13)/(-1)*57/3?
13, 19
Suppose w = -3*x + 51, 0*w = 5*x - 5*w - 65. Let c = -38 - x. Let n = 91 + c. List the prime factors of n.
37
Suppose 55 = 15*i - 4*i. Suppose 9*n + 5*q - 230 = 4*n, -i*n + 228 = 3*q. List the prime factors of n.
3, 5
Let w(a) = -14*a**2 - 4*a - 4. Let h be w(3). Let t = -28 - h. What are the prime factors of t?
2, 3, 19
Let d(w) = 2*w - 1. Let c be d(2). Suppose -467 = -c*h + o, -o + 3 = -1. What are the prime factors of h?
157
Suppose 815 = 5*x + 4*w - 9*w, x - 160 = 